3*q - 397. What is x(-9)?
-10
Let w(z) = 10*z**2 + 6*z - 64. What is w(-6)?
260
Let l(w) = -w**2 + 101*w - 1598. Give l(81).
22
Let o(z) = -4*z**2 + 89*z - 141. Give o(20).
39
Let x(n) = -2*n**3 + 22*n**2 - 7*n + 56. Give x(11).
-21
Let y(h) = -h**2 - 15*h + 73. Calculate y(-20).
-27
Let v(b) = -18*b + 806. What is v(47)?
-40
Let y(w) = w**3 - 5*w**2 - 2*w - 28. Calculate y(6).
-4
Let u(w) = 400*w - 1541. Calculate u(4).
59
Let l(h) = -2246*h + 29199. Calculate l(13).
1
Let i(n) = 192*n - 1737. Calculate i(9).
-9
Let r(b) = -b**2 + 67*b + 2290. Determine r(-25).
-10
Let k(h) = 9*h + 249. Calculate k(-19).
78
Let l(b) = 505*b + 46935. What is l(-93)?
-30
Let b(y) = y**2 + 9*y - 93. Calculate b(-11).
-71
Let r(i) = 114*i + 3. Calculate r(0).
3
Let p(j) = -11*j**2 - 2*j - 3. Give p(-1).
-12
Let c(t) = -2*t**2 + 71*t + 67. Determine c(37).
-44
Let o(q) = 25*q - 1252. What is o(49)?
-27
Let k(a) = a**3 - 4*a**2 + 9*a - 1. What is k(4)?
35
Let m(c) = 83*c + 493. Give m(-6).
-5
Let z(o) = -o**3 - 10*o**2 + 30*o - 388. What is z(-14)?
-24
Let k(w) = 926*w + 4653. What is k(-5)?
23
Let h(g) = 4*g**2 + 108*g + 707. Determine h(-16).
3
Let k(p) = -5*p**3 - 400*p**2 - 23. Give k(-80).
-23
Let p(q) = -68*q - 5746. What is p(-88)?
238
Let h(n) = -2*n + 12. Calculate h(22).
-32
Let f(n) = -16*n + 236. Determine f(20).
-84
Let z(m) = -3*m**2 - 92*m - 738. Determine z(-9).
-153
Let p(u) = u**2 + 428*u - 1734. Determine p(4).
-6
Let c(u) = -33*u**3 + 4*u**2 - 5*u + 2. Calculate c(1).
-32
Let f(y) = -18*y - 322. Calculate f(-19).
20
Let b(c) = -2*c - 105. What is b(-23)?
-59
Let j(s) = -50*s + 142. Give j(0).
142
Let o(y) = -39*y - 681. Determine o(-18).
21
Let u(y) = y**2 - 85*y - 634. Calculate u(92).
10
Let c(a) = 13*a**3 - 287*a**2 + 16*a + 156. Give c(22).
24
Let r(u) = 214*u - 48. Determine r(1).
166
Let w(d) = -d**3 - 10*d**2 + 757*d - 51. Determine w(-33).
15
Let s(z) = -1661*z + 6729. What is s(4)?
85
Let r(b) = -17*b**3 - 2*b**2 + 17*b + 31. Calculate r(-2).
125
Let h(g) = 5*g**3 - 18*g**2 - 23*g + 56. Determine h(4).
-4
Let m(k) = 32*k + 518. Determine m(-16).
6
Let t(r) = 4*r**2 - 34*r - 193. Calculate t(14).
115
Let n(c) = -c**3 - 3*c**2 + 3*c + 3. What is n(2)?
-11
Let g(t) = 4*t**2 - 60*t - 3. Calculate g(15).
-3
Let i(l) = 5*l**2 - 3*l - 310. Calculate i(8).
-14
Let u(z) = 89*z + 1712. Calculate u(-19).
21
Let r(f) = -286*f + 3436. What is r(12)?
4
Let k(q) = -33*q**2 - 435*q + 14. Give k(-13).
92
Let n(z) = 9*z**2 + z + 5. What is n(3)?
89
Let j(z) = 10*z**2 + 11*z + 8. Calculate j(-1).
7
Let b(c) = -201*c - 1750. What is b(-5)?
-745
Let w(l) = 2*l**2 + 115*l + 1169. Give w(-13).
12
Let l(b) = 16*b**3 + 3*b**2 - 73*b + 229. Determine l(3).
469
Let d(x) = 20*x - 91. Calculate d(7).
49
Let s(c) = c**2 + 88*c - 914. Determine s(10).
66
Let n(b) = b**3 + 8*b**2 - 47*b + 141. Give n(-13).
-93
Let b(c) = 385*c + 4605. What is b(-12)?
-15
Let l(j) = 300*j - 1203. Calculate l(4).
-3
Let x(d) = -d**3 - 5*d**2 - 5*d + 14. Give x(-4).
18
Let c(k) = -k**3 + 102*k**2 + 529*k + 657. Determine c(107).
15
Let w(m) = 2*m**2 + 167*m + 1137. What is w(-76)?
-3
Let r(b) = -b**3 + 13*b**2 - 32*b - 29. Determine r(9).
7
Let o(u) = -257*u**2 - 2568*u + 16. Give o(-10).
-4
Let y(k) = 35*k**2 + 120*k - 590. Determine y(5).
885
Let g(n) = n**3 + 14*n**2 + 10*n - 41. What is g(-6)?
187
Let r(n) = -225*n + 685. What is r(3)?
10
Let i(t) = -t**3 - 23*t**2 + 113*t - 46. What is i(-28)?
710
Let g(x) = x**2 + 119*x - 3130. Give g(23).
136
Let f(x) = 11*x - 208. Determine f(19).
1
Let l(u) = -u**3 + 2*u**2 - 4*u + 4. Give l(0).
4
Let i(v) = v**2 + 9*v + 45. Give i(-9).
45
Let z(p) = p**3 - 11*p**2 + 16*p + 18. Calculate z(10).
78
Let j(o) = 866*o + 9506. Give j(-11).
-20
Let r(h) = -2*h**3 + 258*h**2 - 211*h - 5806. Determine r(128).
-46
Let q(v) = 3*v**2 + 58*v - 38. Give q(-21).
67
Let y(h) = -h**3 + 7*h**2 - 46*h + 145. Calculate y(4).
9
Let d(l) = -12*l**3 + 254*l**2 - 31*l - 12. Give d(21).
219
Let v(u) = -u - 192. Calculate v(20).
-212
Let y(t) = 2*t**3 + t**2 - 33*t + 30. Calculate y(3).
-6
Let m(n) = -2*n**2 - 81*n - 118. Give m(-43).
-333
Let b(y) = -530*y - 2796. Give b(-5).
-146
Let x(k) = 3*k**2 + 211*k - 545. Determine x(-73).
39
Let n(v) = 267*v - 1862. What is n(7)?
7
Let z(b) = 123*b + 1559. Calculate z(-12).
83
Let f(w) = 216*w - 198. Give f(1).
18
Let r(w) = 783*w + 116. What is r(0)?
116
Let w(l) = -15*l + 645. Calculate w(39).
60
Let n(f) = 2*f**3 + 37*f**2 - 96*f - 11. Calculate n(-21).
-200
Let q(p) = -2*p**3 + 42*p**2 - 162*p - 13. Give q(14).
463
Let q(f) = -4*f**2 + 46*f + 80. What is q(13)?
2
Let t(n) = 106*n - 8329. What is t(78)?
-61
Let u(k) = -2*k**3 + 32*k**2 - k + 25. Calculate u(16).
9
Let c(x) = x**3 + 4*x**2 + 18*x + 52. Determine c(-4).
-20
Let i(x) = 6*x**2 + 41*x + 7. What is i(-14)?
609
Let r(w) = -31*w**2 - 2024*w - 2023. Calculate r(-1).
-30
Let n(g) = g**3 + 32*g**2 + 234*g - 8. Calculate n(-12).
64
Let d(r) = r**3 + 21*r**2 + r + 69. Determine d(-21).
48
Let i(y) = 5*y**2 - 160*y - 53. Calculate i(34).
287
Let s(n) = -2*n**2 + 125*n - 1620. Calculate s(37).
267
Let z(m) = -m**3 - 21*m**2 - 23*m - 66. Give z(-20).
-6
Let i(w) = w**3 + 18*w**2 + 4*w - 10. Determine i(-12).
806
Let m(x) = -2*x**2 + 205*x - 3468. Calculate m(81).
15
Let q(m) = m**2 - 222*m - 1142. What is q(-5)?
-7
Let b(w) = 106*w + 18797. Give b(-177).
35
Let x(p) = p**2 - 2*p - 128. Determine x(-5).
-93
Let s(j) = j**3 - 13*j**2 - 31*j - 13. Give s(15).
-28
Let u(t) = -t**2 + 364*t + 24473. What is u(-58)?
-3
Let n(g) = 55*g - 430. Give n(4).
-210
Let l(s) = -s**3 + 6*s**2 + 63*s + 91. What is l(-4)?
-1
Let l(j) = -3*j**2 - 94*j - 15. Determine l(-31).
16
Let g(b) = 2*b**2 + 35*b - 190. What is g(-21)?
-43
Let c(l) = -2*l**3 + 69*l**2 + 535*l - 96. What is c(41)?
-14
Let h(l) = 132*l + 1432. What is h(-11)?
-20
Let h(i) = -4*i**3 - 45*i**2 - 5*i - 16. Give h(-11).
-82
Let j(v) = 74*v - 501. Calculate j(7).
17
Let t(o) = 2*o**3 + 15*o**2 - 101*o + 58. What is t(-12)?
-26
Let c(g) = g**2 + 106*g + 2087. Calculate c(-26).
7
Let c(k) = -3*k**3 - 23*k**2 - 46*k - 212. Give c(-7).
12
Let j(d) = -34*d - 438. What is j(-12)?
-30
Let j(r) = -r**2 + 147*r - 1118. Give j(8).
-6
Let v(p) = 4*p**3 + p**2 - 12*p - 12. Determine v(-1).
-3
Let x(w) = 27*w - 415. Give x(19).
98
Let f(l) = -l**2 + 19*l + 84. Give f(23).
-8
Let c(x) = -x**2 - 58*x - 792. What is c(-36)?
0
Let k(v) = -v**3 + 23*v**2 + 140*v - 3. Determine k(28).
-3
Let l(x) = x**3 - 27*x**2 + 120*x - 185. Give l(18).
-941
Let r(g) = g**3 + 41*g**2 - 78*g + 297. Give r(-43).
-47
Let o(k) = -193*k**2 - 197*k - 3. What is o(-1)?
1
Let o(z) = 9*z + 34. Give o(-4).
-2
Let u(x) = -293*x + 20808. What is u(71)?
5
Let q(h) = -h**3 + 8*h**2 + 295*h - 152. Determine q(-14).
30
Let g(d) = 49*d + 217. Determine g(-10).
-273
Let r(d) = -16*d**2 + d - 21. Determine r(5).
-416
Let u(t) = t**3 - 139*t**2 - 129*t - 1533. Determine u(140).
7
Let q(d) = d**2 + 505*d - 5656. Give q(11).
20
Let w(j) = j**3 - 21*j**2 - 14*j - 81. What is w(22)?
95
Let a(f) = f**2 - 39*f + 31. Calculate a(29).
-259
Let g(c) = -5157*c + 46416. What is g(9)?
3
Let f(n) = -5*n**3 + 141*n**2 + 118*n + 54. Give f(29).
112
Let z(a) = 6*a**2 + 57*a - 44. What is z(-10)?
-14
Let u(t) = 2*t**2 + 7*t - 52. Determine u(7).
95
Let a(t) = -t**3 - 99*t**2 - 473*t - 285. Calculate a(-94).
-3
Let m(y) = -55*y - 766. Give m(-14).
4
Let m(t) = 2501*t + 27507. Calculate m(-11).
-4
Let n(x) = -x**2 + 13*x + 895. What is n(37)?
7
Let c(v) = -222*v**2 - v + 3. Determine c(-1).
-218
Let u(g) = 41*g + 1278. What is u(-32)?
-34
Let y(j) = 5*j**2 - 20*j - 11. Give y(4).
-11
Let h(j) = -j**3 - 39*j**2 - 292*j + 879. Give h(-27).
15
Let c(l) = 1335*l + 13329. Determine c(-10).
-21
Let l(q) = 14*q + 17. What is l(19)?
283
Let w(a) = -23*a**2 - 152*a - 255. Determine w(-4).
-15
Let n(t) = t**3 - 2*t**2 - 2*t + 133. Give n(0).
133
Let v(c) = c**2 - 12*c - 415. Give v(27).
-10
Let l(a) = 42*a**2 + 671*a - 21. What is l(-16)?
-5
Let d(c) = -4*c**2 - 15*c + 68. Determine d(4).
-56
Let s(i) = -6*i**2 - 38*i + 230. Determine s(-10).
10
Let c(q) = 13*q**2 - 304*q + 1532. Calculate c(16).
-4
Let y(x) = -446*x - 79395. Give y(-178).
-7
Let u(s) = 627*s - 3145. Calculate u(5).
-10
Let s(q) = -243